[INFO] cloning repository https://github.com/Murray918/rget
[INFO] running `Command { std: "git" "-c" "credential.helper=" "-c" "credential.helper=/workspace/cargo-home/bin/git-credential-null" "clone" "--bare" "https://github.com/Murray918/rget" "/workspace/cache/git-repos/https%3A%2F%2Fgithub.com%2FMurray918%2Frget", kill_on_drop: false }`
[INFO] [stderr] Cloning into bare repository '/workspace/cache/git-repos/https%3A%2F%2Fgithub.com%2FMurray918%2Frget'...
[INFO] running `Command { std: "git" "rev-parse" "HEAD", kill_on_drop: false }`
[INFO] [stdout] 0bbb6389cc2256de242206b5e795dbf2224d65f6
[INFO] checking Murray918/rget against master#af3c6e733a40e671550e0f0f5aeecaa13772ba56 for pr-74989
[INFO] running `Command { std: "git" "clone" "/workspace/cache/git-repos/https%3A%2F%2Fgithub.com%2FMurray918%2Frget" "/workspace/builds/worker-9/source", kill_on_drop: false }`
[INFO] [stderr] Cloning into '/workspace/builds/worker-9/source'...
[INFO] [stderr] done.
[INFO] validating manifest of git repo https://github.com/Murray918/rget on toolchain af3c6e733a40e671550e0f0f5aeecaa13772ba56
[INFO] running `Command { std: "/workspace/cargo-home/bin/cargo" "+af3c6e733a40e671550e0f0f5aeecaa13772ba56" "read-manifest" "--manifest-path" "Cargo.toml", kill_on_drop: false }`
[INFO] started tweaking git repo https://github.com/Murray918/rget
[INFO] finished tweaking git repo https://github.com/Murray918/rget
[INFO] tweaked toml for git repo https://github.com/Murray918/rget written to /workspace/builds/worker-9/source/Cargo.toml
[INFO] crate git repo https://github.com/Murray918/rget already has a lockfile, it will not be regenerated
[INFO] running `Command { std: "/workspace/cargo-home/bin/cargo" "+af3c6e733a40e671550e0f0f5aeecaa13772ba56" "fetch" "--locked" "--manifest-path" "Cargo.toml", kill_on_drop: false }`
[INFO] running `Command { std: "docker" "create" "-v" "/var/lib/crater-agent-workspace/builds/worker-9/target:/opt/rustwide/target:rw,Z" "-v" "/var/lib/crater-agent-workspace/builds/worker-9/source:/opt/rustwide/workdir:ro,Z" "-v" "/var/lib/crater-agent-workspace/cargo-home:/opt/rustwide/cargo-home:ro,Z" "-v" "/var/lib/crater-agent-workspace/rustup-home:/opt/rustwide/rustup-home:ro,Z" "-e" "SOURCE_DIR=/opt/rustwide/workdir" "-e" "CARGO_TARGET_DIR=/opt/rustwide/target" "-e" "CARGO_HOME=/opt/rustwide/cargo-home" "-e" "RUSTUP_HOME=/opt/rustwide/rustup-home" "-w" "/opt/rustwide/workdir" "-m" "1610612736" "--user" "0:0" "--network" "none" "rustops/crates-build-env@sha256:d92eaeed33fa75130ca1ee6c8a01d1ffb62bac859dfdfb3450e3e5d1c0146529" "/opt/rustwide/cargo-home/bin/cargo" "+af3c6e733a40e671550e0f0f5aeecaa13772ba56" "metadata" "--no-deps" "--format-version=1", kill_on_drop: false }`
[INFO] [stdout] 4d5b340291e6479ec17c772bb2abf35fcf50e0919830bbaadd75af88e232899a
[INFO] [stderr] WARNING: Your kernel does not support swap limit capabilities or the cgroup is not mounted. Memory limited without swap.
[INFO] running `Command { std: "docker" "start" "-a" "4d5b340291e6479ec17c772bb2abf35fcf50e0919830bbaadd75af88e232899a", kill_on_drop: false }`
[INFO] running `Command { std: "docker" "inspect" "4d5b340291e6479ec17c772bb2abf35fcf50e0919830bbaadd75af88e232899a", kill_on_drop: false }`
[INFO] running `Command { std: "docker" "rm" "-f" "4d5b340291e6479ec17c772bb2abf35fcf50e0919830bbaadd75af88e232899a", kill_on_drop: false }`
[INFO] [stdout] 4d5b340291e6479ec17c772bb2abf35fcf50e0919830bbaadd75af88e232899a
[INFO] running `Command { std: "docker" "create" "-v" "/var/lib/crater-agent-workspace/builds/worker-9/target:/opt/rustwide/target:rw,Z" "-v" "/var/lib/crater-agent-workspace/builds/worker-9/source:/opt/rustwide/workdir:ro,Z" "-v" "/var/lib/crater-agent-workspace/cargo-home:/opt/rustwide/cargo-home:ro,Z" "-v" "/var/lib/crater-agent-workspace/rustup-home:/opt/rustwide/rustup-home:ro,Z" "-e" "SOURCE_DIR=/opt/rustwide/workdir" "-e" "CARGO_TARGET_DIR=/opt/rustwide/target" "-e" "CARGO_INCREMENTAL=0" "-e" "RUST_BACKTRACE=full" "-e" "RUSTFLAGS=--cap-lints=forbid" "-e" "CARGO_HOME=/opt/rustwide/cargo-home" "-e" "RUSTUP_HOME=/opt/rustwide/rustup-home" "-w" "/opt/rustwide/workdir" "-m" "1610612736" "--user" "0:0" "--network" "none" "rustops/crates-build-env@sha256:d92eaeed33fa75130ca1ee6c8a01d1ffb62bac859dfdfb3450e3e5d1c0146529" "/opt/rustwide/cargo-home/bin/cargo" "+af3c6e733a40e671550e0f0f5aeecaa13772ba56" "check" "--frozen" "--all" "--all-targets" "--message-format=json", kill_on_drop: false }`
[INFO] [stderr] WARNING: Your kernel does not support swap limit capabilities or the cgroup is not mounted. Memory limited without swap.
[INFO] [stdout] da440b8fb267a1797584f011c4dfe9754d6f7f5e137df1de21b5ecb6979560e7
[INFO] running `Command { std: "docker" "start" "-a" "da440b8fb267a1797584f011c4dfe9754d6f7f5e137df1de21b5ecb6979560e7", kill_on_drop: false }`
[INFO] [stderr]     Checking futures v0.1.29
[INFO] [stderr]     Checking either v1.5.3
[INFO] [stderr]    Compiling syn v1.0.8
[INFO] [stderr]     Checking scopeguard v1.0.0
[INFO] [stderr]     Checking itoa v0.4.4
[INFO] [stderr]     Checking regex-syntax v0.6.12
[INFO] [stderr]    Compiling serde v1.0.102
[INFO] [stderr]    Compiling failure_derive v0.1.6
[INFO] [stderr]     Checking foreign-types-shared v0.1.1
[INFO] [stderr]    Compiling openssl v0.10.25
[INFO] [stderr]    Compiling ryu v1.0.2
[INFO] [stderr]     Checking try-lock v0.2.2
[INFO] [stderr]     Checking unicode-width v0.1.6
[INFO] [stderr]    Compiling native-tls v0.2.3
[INFO] [stderr]    Compiling encoding_rs v0.8.20
[INFO] [stderr]     Checking openssl-probe v0.1.2
[INFO] [stderr]     Checking dtoa v0.4.4
[INFO] [stderr]     Checking mime v0.3.14
[INFO] [stderr]     Checking number_prefix v0.3.0
[INFO] [stderr]     Checking vec_map v0.8.1
[INFO] [stderr]    Compiling indexmap v1.3.0
[INFO] [stderr]    Compiling backtrace-sys v0.1.32
[INFO] [stderr]     Checking crossbeam-utils v0.6.6
[INFO] [stderr]     Checking try_from v0.3.2
[INFO] [stderr]    Compiling error-chain v0.12.1
[INFO] [stderr]    Compiling openssl-sys v0.9.52
[INFO] [stderr]     Checking foreign-types v0.3.2
[INFO] [stderr]     Checking lock_api v0.3.1
[INFO] [stderr]     Checking miniz_oxide v0.3.5
[INFO] [stderr]     Checking textwrap v0.11.0
[INFO] [stderr]     Checking log v0.4.8
[INFO] [stderr]    Compiling proc-macro2 v1.0.6
[INFO] [stderr]     Checking iovec v0.1.4
[INFO] [stderr]     Checking net2 v0.2.33
[INFO] [stderr]     Checking time v0.1.42
[INFO] [stderr]     Checking rand_os v0.1.3
[INFO] [stderr]     Checking clicolors-control v1.0.1
[INFO] [stderr]     Checking termios v0.3.1
[INFO] [stderr]     Checking atty v0.2.13
[INFO] [stderr]     Checking base64 v0.10.1
[INFO] [stderr]     Checking crossbeam-utils v0.7.0
[INFO] [stderr]    Compiling memoffset v0.5.3
[INFO] [stderr]    Compiling parking_lot_core v0.6.2
[INFO] [stderr]    Compiling parking_lot v0.9.0
[INFO] [stderr]    Compiling hyper v0.12.35
[INFO] [stderr]     Checking unicase v2.6.0
[INFO] [stderr]     Checking crossbeam-queue v0.1.2
[INFO] [stderr]     Checking bytes v0.4.12
[INFO] [stderr]     Checking clap v2.33.0
[INFO] [stderr]     Checking rand v0.6.5
[INFO] [stderr]     Checking unicode-normalization v0.1.9
[INFO] [stderr]     Checking mio v0.6.19
[INFO] [stderr]    Compiling mime_guess v2.0.1
[INFO] [stderr]    Compiling quote v1.0.2
[INFO] [stderr]     Checking flate2 v1.0.13
[INFO] [stderr]     Checking crossbeam-epoch v0.8.0
[INFO] [stderr]     Checking http v0.1.19
[INFO] [stderr]     Checking string v0.2.1
[INFO] [stderr]     Checking backtrace v0.3.40
[INFO] [stderr]     Checking tokio-executor v0.1.8
[INFO] [stderr]     Checking tokio-io v0.1.12
[INFO] [stderr]     Checking tokio-sync v0.1.7
[INFO] [stderr]     Checking tokio-buf v0.1.1
[INFO] [stderr]     Checking want v0.2.0
[INFO] [stderr]     Checking futures-cpupool v0.1.8
[INFO] [stderr]     Checking crossbeam-deque v0.7.2
[INFO] [stderr]     Checking idna v0.1.5
[INFO] [stderr]     Checking idna v0.2.0
[INFO] [stderr]     Checking tokio-current-thread v0.1.6
[INFO] [stderr]     Checking tokio-timer v0.2.11
[INFO] [stderr]     Checking regex v1.3.1
[INFO] [stderr]     Checking tokio-threadpool v0.1.16
[INFO] [stderr]     Checking uuid v0.7.4
[INFO] [stderr]     Checking tokio-reactor v0.1.10
[INFO] [stderr]     Checking url v1.7.2
[INFO] [stderr]     Checking url v2.1.0
[INFO] [stderr]     Checking tokio-tcp v0.1.3
[INFO] [stderr]     Checking tokio v0.1.22
[INFO] [stderr]     Checking console v0.9.1
[INFO] [stderr]     Checking indicatif v0.13.0
[INFO] [stderr]     Checking cookie v0.12.0
[INFO] [stderr]     Checking publicsuffix v1.5.4
[INFO] [stderr]     Checking h2 v0.1.26
[INFO] [stderr]     Checking http-body v0.1.0
[INFO] [stderr]    Compiling synstructure v0.12.3
[INFO] [stderr]    Compiling serde_derive v1.0.102
[INFO] [stderr]     Checking failure v0.1.6
[INFO] [stderr]     Checking hyper-tls v0.3.2
[INFO] [stderr]     Checking serde_json v1.0.41
[INFO] [stderr]     Checking serde_urlencoded v0.5.5
[INFO] [stderr]     Checking cookie_store v0.7.0
[INFO] [stderr]     Checking reqwest v0.9.22
[INFO] [stderr]     Checking rget v0.1.0 (/opt/rustwide/workdir)
[INFO] [stdout] error[E0432]: unresolved import `reqwest::header::ContentLength`
[INFO] [stdout]   --> src/main.rs:15:5
[INFO] [stdout]    |
[INFO] [stdout] 15 | use reqwest::header::ContentLength;
[INFO] [stdout]    |     ^^^^^^^^^^^^^^^^^^^^^^^^^^^^^^ no `ContentLength` in `header`
[INFO] [stdout] 
[INFO] [stdout] 
[INFO] [stdout] error[E0425]: cannot find function `parse_url` in this scope
[INFO] [stdout]   --> src/main.rs:57:15
[INFO] [stdout]    |
[INFO] [stdout] 57 |     let url = parse_url(target)?;
[INFO] [stdout]    |               ^^^^^^^^^ not found in this scope
[INFO] [stdout] 
[INFO] [stdout] 
[INFO] [stdout] error[E0423]: expected value, found struct `Client`
[INFO] [stdout]   --> src/main.rs:58:18
[INFO] [stdout]    |
[INFO] [stdout] 58 |     let client = Client.new().unwrap();
[INFO] [stdout]    |                  ^^^^^^----
[INFO] [stdout]    |                  |
[INFO] [stdout]    |                  help: use the path separator to refer to an item: `Client::new`
[INFO] [stdout] 
[INFO] [stdout] 
[INFO] [stdout] warning: unused import: `std::fs::File`
[INFO] [stdout]  --> src/main.rs:7:5
[INFO] [stdout]   |
[INFO] [stdout] 7 | use std::fs::File;
[INFO] [stdout]   |     ^^^^^^^^^^^^^
[INFO] [stdout]   |
[INFO] [stdout]   = note: `#[warn(unused_imports)]` on by default
[INFO] [stdout] 
[INFO] [stdout] 
[INFO] [stdout] warning: unused import: `std::io::Read`
[INFO] [stdout]  --> src/main.rs:8:5
[INFO] [stdout]   |
[INFO] [stdout] 8 | use std::io::Read;
[INFO] [stdout]   |     ^^^^^^^^^^^^^
[INFO] [stdout] 
[INFO] [stdout] 
[INFO] [stdout] warning: unused import: `std::io::copy`
[INFO] [stdout]  --> src/main.rs:9:5
[INFO] [stdout]   |
[INFO] [stdout] 9 | use std::io::copy;
[INFO] [stdout]   |     ^^^^^^^^^^^^^
[INFO] [stdout] 
[INFO] [stdout] 
[INFO] [stdout] warning: trait objects without an explicit `dyn` are deprecated
[INFO] [stdout]   --> src/main.rs:55:63
[INFO] [stdout]    |
[INFO] [stdout] 55 | fn download(target: &str, quiet_mode: bool) -> Result<(), Box<::std::error::Error>> {
[INFO] [stdout]    |                                                               ^^^^^^^^^^^^^^^^^^^ help: use `dyn`: `dyn (::std::error::Error)`
[INFO] [stdout]    |
[INFO] [stdout]    = note: `#[warn(bare_trait_objects)]` on by default
[INFO] [stdout] 
[INFO] [stdout] 
[INFO] [stdout] error[E0432]: unresolved import `reqwest::header::ContentLength`
[INFO] [stdout]   --> src/main.rs:15:5
[INFO] [stdout]    |
[INFO] [stdout] 15 | use reqwest::header::ContentLength;
[INFO] [stdout]    |     ^^^^^^^^^^^^^^^^^^^^^^^^^^^^^^ no `ContentLength` in `header`
[INFO] [stdout] 
[INFO] [stdout] 
[INFO] [stdout] error[E0425]: cannot find function `parse_url` in this scope
[INFO] [stdout]   --> src/main.rs:57:15
[INFO] [stdout]    |
[INFO] [stdout] 57 |     let url = parse_url(target)?;
[INFO] [stdout]    |               ^^^^^^^^^ not found in this scope
[INFO] [stdout] 
[INFO] [stdout] 
[INFO] [stdout] error[E0423]: expected value, found struct `Client`
[INFO] [stdout]   --> src/main.rs:58:18
[INFO] [stdout]    |
[INFO] [stdout] 58 |     let client = Client.new().unwrap();
[INFO] [stdout]    |                  ^^^^^^----
[INFO] [stdout]    |                  |
[INFO] [stdout]    |                  help: use the path separator to refer to an item: `Client::new`
[INFO] [stdout] 
[INFO] [stdout] 
[INFO] [stdout] warning: unused import: `std::fs::File`
[INFO] [stdout]  --> src/main.rs:7:5
[INFO] [stdout]   |
[INFO] [stdout] 7 | use std::fs::File;
[INFO] [stdout]   |     ^^^^^^^^^^^^^
[INFO] [stdout]   |
[INFO] [stdout]   = note: `#[warn(unused_imports)]` on by default
[INFO] [stdout] 
[INFO] [stdout] 
[INFO] [stdout] warning: unused import: `std::io::Read`
[INFO] [stdout]  --> src/main.rs:8:5
[INFO] [stdout]   |
[INFO] [stdout] 8 | use std::io::Read;
[INFO] [stdout]   |     ^^^^^^^^^^^^^
[INFO] [stdout] 
[INFO] [stdout] 
[INFO] [stdout] warning: unused import: `std::io::copy`
[INFO] [stdout]  --> src/main.rs:9:5
[INFO] [stdout]   |
[INFO] [stdout] 9 | use std::io::copy;
[INFO] [stdout]   |     ^^^^^^^^^^^^^
[INFO] [stdout] 
[INFO] [stdout] 
[INFO] [stdout] warning: trait objects without an explicit `dyn` are deprecated
[INFO] [stdout]   --> src/main.rs:55:63
[INFO] [stdout]    |
[INFO] [stdout] 55 | fn download(target: &str, quiet_mode: bool) -> Result<(), Box<::std::error::Error>> {
[INFO] [stdout]    |                                                               ^^^^^^^^^^^^^^^^^^^ help: use `dyn`: `dyn (::std::error::Error)`
[INFO] [stdout]    |
[INFO] [stdout]    = note: `#[warn(bare_trait_objects)]` on by default
[INFO] [stdout] 
[INFO] [stdout] 
[INFO] [stdout] error[E0308]: mismatched types
[INFO] [stdout]   --> src/main.rs:55:48
[INFO] [stdout]    |
[INFO] [stdout] 55 | fn download(target: &str, quiet_mode: bool) -> Result<(), Box<::std::error::Error>> {
[INFO] [stdout]    |    --------                                    ^^^^^^^^^^^^^^^^^^^^^^^^^^^^^^^^^^^^ expected enum `std::result::Result`, found `()`
[INFO] [stdout]    |    |
[INFO] [stdout]    |    implicitly returns `()` as its body has no tail or `return` expression
[INFO] [stdout]    |
[INFO] [stdout]    = note:   expected enum `std::result::Result<(), Box<(dyn std::error::Error + 'static)>>`
[INFO] [stdout]            found unit type `()`
[INFO] [stdout] 
[INFO] [stdout] 
[INFO] [stdout] error: aborting due to 4 previous errors; 4 warnings emitted
[INFO] [stdout] 
[INFO] [stdout] 
[INFO] [stdout] Some errors have detailed explanations: E0308, E0423, E0425, E0432.
[INFO] [stdout] 
[INFO] [stdout] For more information about an error, try `rustc --explain E0308`.
[INFO] [stdout] 
[INFO] [stderr] error: could not compile `rget`.
[INFO] [stderr] 
[INFO] [stderr] To learn more, run the command again with --verbose.
[INFO] [stderr] warning: build failed, waiting for other jobs to finish...
[INFO] [stdout] error[E0308]: mismatched types
[INFO] [stdout]   --> src/main.rs:55:48
[INFO] [stdout]    |
[INFO] [stdout] 55 | fn download(target: &str, quiet_mode: bool) -> Result<(), Box<::std::error::Error>> {
[INFO] [stdout]    |    --------                                    ^^^^^^^^^^^^^^^^^^^^^^^^^^^^^^^^^^^^ expected enum `std::result::Result`, found `()`
[INFO] [stdout]    |    |
[INFO] [stdout]    |    implicitly returns `()` as its body has no tail or `return` expression
[INFO] [stdout]    |
[INFO] [stdout]    = note:   expected enum `std::result::Result<(), Box<(dyn std::error::Error + 'static)>>`
[INFO] [stdout]            found unit type `()`
[INFO] [stdout] 
[INFO] [stdout] 
[INFO] [stdout] error: aborting due to 4 previous errors; 4 warnings emitted
[INFO] [stdout] 
[INFO] [stdout] 
[INFO] [stdout] Some errors have detailed explanations: E0308, E0423, E0425, E0432.
[INFO] [stdout] 
[INFO] [stdout] For more information about an error, try `rustc --explain E0308`.
[INFO] [stdout] 
[INFO] [stderr] error: build failed
[INFO] running `Command { std: "docker" "inspect" "da440b8fb267a1797584f011c4dfe9754d6f7f5e137df1de21b5ecb6979560e7", kill_on_drop: false }`
[INFO] running `Command { std: "docker" "rm" "-f" "da440b8fb267a1797584f011c4dfe9754d6f7f5e137df1de21b5ecb6979560e7", kill_on_drop: false }`
[INFO] [stdout] da440b8fb267a1797584f011c4dfe9754d6f7f5e137df1de21b5ecb6979560e7
